479*g - 33. Calculate f(21).
72
Let h(m) = -2*m**2 + 1025*m + 7290. What is h(-7)?
17
Let r(j) = 8*j**2 + 229*j - 172. What is r(-31)?
417
Let b(z) = 31*z - 45. Determine b(-7).
-262
Let v(l) = l**3 - 90*l**2 - 178*l + 22. Calculate v(92).
574
Let v(t) = t**3 + 51*t**2 - 545*t - 3714. What is v(13)?
17
Let c(k) = 3286*k + 977. Give c(0).
977
Let a(h) = -h**3 - 37*h**2 - 1219*h - 28559. What is a(-29)?
64
Let f(u) = 9*u**2 - 1677*u + 11443. What is f(7)?
145
Let z(t) = -29*t - 4613. Determine z(-117).
-1220
Let a(z) = 8677*z - 121472. Determine a(14).
6
Let k(t) = t**3 - 52*t**2 + 421*t - 81. Determine k(42).
-39
Let u(c) = -282*c**2 + 5641*c - 3. Determine u(20).
17
Let d(w) = 15*w**2 + 366*w + 734. Determine d(-2).
62
Let o(t) = -6019*t - 559850. Give o(-93).
-83
Let f(m) = -9*m**3 + 10*m**2 - 25*m + 280. Calculate f(4).
-236
Let u(a) = a**3 - 128*a**2 - 19191*a + 39529. Calculate u(216).
1
Let q(g) = 207*g**2 - 6731*g + 40602. Determine q(8).
2
Let u(v) = 648*v - 103210. What is u(160)?
470
Let i(x) = 11471*x - 80284. Calculate i(7).
13
Let u(y) = -587*y**2 - 16430*y + 154. Determine u(-28).
-14
Let d(b) = -b**3 - 10*b**2 + 719*b + 13. Calculate d(22).
343
Let z(s) = -1305*s + 126737. Calculate z(98).
-1153
Let y(m) = -11*m**3 - 717*m**2 - 323*m - 12545. Calculate y(-65).
0
Let i(c) = 297*c**3 + 34*c**2 - 284*c - 317. Calculate i(-1).
-296
Let a(r) = 11575*r - 219741. Calculate a(19).
184
Let z(d) = 2*d**2 - 1108*d + 100. Determine z(0).
100
Let v(l) = 1226*l - 1208. Determine v(1).
18
Let x(k) = -3061*k + 293900. Calculate x(96).
44
Let q(r) = r**2 - 5505590*r - 22022381. What is q(-4)?
-5
Let g(i) = i**2 + 19135*i - 38271. What is g(2)?
3
Let f(h) = -h**3 + 70*h**2 - 148*h + 849. Determine f(68).
33
Let s(c) = -16764*c - 234326. Calculate s(-14).
370
Let l(g) = -2*g**3 + 250*g**2 + 1300*g - 11. Calculate l(130).
-11
Let x(w) = -1781211*w - 5343634. What is x(-3)?
-1
Let s(l) = 1110620*l. Calculate s(0).
0
Let r(q) = 384*q + 3758. Give r(-7).
1070
Let c(x) = -553*x + 6076. Calculate c(11).
-7
Let y(j) = 7*j**2 - 14*j + 44. Give y(-8).
604
Let v(t) = 416*t - 10015. What is v(32)?
3297
Let o(u) = -2*u**2 + 133*u + 1645. Give o(72).
853
Let n(f) = 3*f**3 + 1130*f**2 + 87834*f - 2405. Determine n(-267).
-2
Let d(v) = -2236*v**2 + 4387*v + 8. Determine d(2).
-162
Let s(r) = -96689*r - 20. What is s(0)?
-20
Let l(x) = -3118*x**3 - 31*x**2 + 47*x - 17. Determine l(1).
-3119
Let c(q) = -927*q - 63316. Calculate c(-68).
-280
Let x(l) = l**2 + 184*l + 7190. Calculate x(-57).
-49
Let g(n) = 4*n**3 + 48*n**2 + 64*n + 240. What is g(-10)?
400
Let h(l) = 6098*l - 24432. What is h(4)?
-40
Let m(q) = -2*q**2 + 348*q + 4428. Calculate m(-12).
-36
Let f(l) = -345*l**3 - 83*l**2 - 122*l + 248. What is f(2)?
-3088
Let p(a) = -a**3 - 301*a**2 - 14987*a + 441. What is p(-63)?
0
Let f(t) = 481*t + 5318. Calculate f(-11).
27
Let c(u) = -u**3 + 767*u**2 + 22264*u + 124. Determine c(-28).
12
Let j(w) = -4*w**3 + 22*w**2 - 228*w + 1407. Calculate j(6).
-33
Let h(b) = -b**3 + 25*b**2 - 298*b + 5098. What is h(22)?
-6
Let k(g) = 2*g**3 - 222*g**2 - 1174*g + 758. What is k(116)?
-866
Let n(z) = -z**3 + 131*z**2 - z - 262. What is n(131)?
-393
Let p(i) = -8730*i**2 + 8781*i. Give p(1).
51
Let n(z) = 164*z + 17534. Give n(-109).
-342
Let x(d) = -d**3 + 21*d**2 - 119*d + 1148. Determine x(18).
-22
Let k(l) = -5*l**3 + 120*l**2 - 401*l - 2. Calculate k(20).
-22
Let j(g) = g**2 + 5779*g + 92177. What is j(-16)?
-31
Let a(d) = 2*d**2 + 1232*d + 24627. What is a(-20)?
787
Let w(o) = -3587*o - 190006. Give w(-53).
105
Let c(v) = -v**3 - 15*v**2 - 16*v + 510. Calculate c(-12).
270
Let q(w) = -339*w**3 - 6440*w**2 + 31*w + 242. Calculate q(-19).
14
Let y(r) = 5*r**2 + 723*r - 4829. Calculate y(-151).
3
Let k(f) = -9*f**2 + 196*f - 848. Determine k(8).
144
Let l(v) = -71*v**3 + v**2 + 2*v - 3. Determine l(-2).
565
Let d(g) = -820*g + 4112. What is d(5)?
12
Let d(h) = -2*h**3 - 39*h**2 + 395*h + 6997. Determine d(-21).
25
Let n(f) = -134*f**2 - 357*f - 5. Give n(-3).
-140
Let w(i) = i**3 + 13*i**2 + 844*i - 1733. Calculate w(2).
15
Let p(k) = 289*k - 17533. Calculate p(61).
96
Let t(s) = -866*s**3 + 205*s + 205. Determine t(-1).
866
Let a(z) = -232482*z - 8834324. What is a(-38)?
-8
Let z(i) = i**3 + 19*i**2 + 99. Determine z(-11).
1067
Let f(a) = 4*a**2 - 609*a - 255. Determine f(152).
-407
Let o(c) = -c**3 - 216*c**2 + 2024*c - 313. Determine o(-225).
-88
Let b(j) = -7438*j + 29827. Determine b(4).
75
Let v(f) = -5*f**3 + 5*f**2 - 7*f - 102. Calculate v(-6).
1200
Let s(h) = h**2 + 3202*h + 191598. Calculate s(-61).
-3
Let r(k) = -17*k**2 - 346*k + 82. Calculate r(-21).
-149
Let p(g) = -8197*g + 106550. What is p(13)?
-11
Let j(x) = 2*x**3 - 368*x**2 + 1068*x + 2223. Calculate j(181).
-1035
Let h(g) = -468*g**3 + 33*g**2 + 198*g - 232. Give h(1).
-469
Let q(o) = 3*o**2 - 1386*o - 36892. What is q(-26)?
1172
Let o(m) = -24522*m - 146598. Calculate o(-6).
534
Let a(z) = 2043*z**2 + 73547*z - 62. Give a(-36).
-26
Let f(j) = -j**2 - 133*j + 3321. Determine f(26).
-813
Let z(x) = x**3 - 7*x**2 - 1753*x - 1884. Calculate z(46).
2
Let w(p) = -2*p**2 + 74*p + 28334. What is w(-102)?
-22
Let o(l) = -2*l**3 - 13*l - 33. Give o(-5).
282
Let p(g) = -g**2 - 1080*g - 113505. Give p(-118).
11
Let z(x) = -10705*x + 64224. Give z(6).
-6
Let g(s) = 706*s + 78656. What is g(-104)?
5232
Let w(b) = -b**2 + 647*b - 48079. Determine w(86).
167
Let n(y) = -908*y + 23942. Give n(31).
-4206
Let q(o) = 117*o**2 - 28195*o - 447. Calculate q(241).
35
Let z(q) = -10*q**2 - 1662*q + 9970. Calculate z(6).
-362
Let t(p) = -4*p**2 - 295*p - 4056. Determine t(-14).
-710
Let q(v) = 4*v**2 + 246*v + 3948. What is q(-14)?
1288
Let o(m) = 1223*m - 45269. Give o(37).
-18
Let f(a) = a**3 - 35*a**2 - 198*a - 1942. What is f(41)?
26
Let l(u) = u**2 + 965111*u + 57903055. What is l(-60)?
-5
Let k(y) = 8*y**2 + 805*y + 1571. Determine k(-2).
-7
Let x(g) = 4*g**2 + 72*g + 439. What is x(-12)?
151
Let j(y) = -2*y**3 - 55*y**2 - 102*y - 523. Give j(-26).
101
Let j(p) = 14463*p + 2487651. What is j(-172)?
15
Let a(i) = 4295*i + 21381. What is a(-5)?
-94
Let y(a) = 101*a**2 + 54*a + 36. Determine y(-3).
783
Let d(p) = -1025*p + 183443. Determine d(179).
-32
Let l(d) = -2268*d - 446752. Calculate l(-197).
44
Let f(r) = -4475*r + 1253061. Give f(280).
61
Let d(f) = -90959*f**2 - 3092605*f + 22. Calculate d(-34).
-12
Let v(m) = -m**3 + 31*m**2 + 1896*m - 818. What is v(-31)?
-12
Let c(l) = -23*l**2 + 1871*l - 19. What is c(82)?
-1249
Let k(o) = 38*o**3 - 150*o**2 - 833*o + 3304. Calculate k(4).
4
Let o(v) = -651*v + 58730. Calculate o(93).
-1813
Let b(f) = -f**2 - 5339*f - 254034. What is b(-48)?
-66
Let d(t) = 2*t**3 - 29*t**2 + 7952*t - 94708. Calculate d(12).
-4
Let a(y) = -18184*y + 112981. Give a(6).
3877
Let k(y) = -214951*y - 859807. Determine k(-4).
-3
Let n(s) = -1271*s**2 + 1351*s - 49. Give n(1).
31
Let d(j) = 139478*j + 1255299. What is d(-9)?
-3
Let v(d) = 1727*d - 29898. Give v(17).
-539
Let s(u) = 13*u**2 + 196*u + 1594. Give s(-8).
858
Let c(j) = -27865*j + 83603. Give c(3).
8
Let k(f) = 12*f**2 + 1074*f + 11344. Determine k(-12).
184
Let p(i) = i**2 - 54*i - 5602. Calculate p(108).
230
Let g(y) = -857*y + 470489. Give g(549).
-4
Let n(m) = 63*m + 1136. Calculate n(-17).
65
Let w(j) = 1066*j + 8438. Calculate w(-8).
-90
Let w(v) = -8040*v - 16101. What is w(-2)?
-21
Let h(j) = 4*j**3 + 663*j**2 + 468*j - 4449. Calculate h(-165).
6
Let u(x) = 7977*x - 502558. What is u(63)?
-7
Let i(o) = -21*o**3 + 2*o**2 - 392*o - 1150. Give i(-3).
611
Let t(c) = -4*c**2 + 83*c + 95. Determine t(22).
-15
Let z(b) = b**3 - 12*b**2 - 169*b + 1414. What is z(9)?
-350
Let t(j) = 631*j + 230247. Calculate t(-365).
-68
Let k(w) = -w**2 + 36457*w - 145809. What is k(4)?
3
Let c(f) = 5*f**2 + 1459*f + 24378. Calculate c(-274).
-8
Let w(x) = x**3 - 5*x**2 - 32*x + 116. What is w(7)?
-10
Let y(f) = 7*f**2 - 7243*f - 50670. Determine y(-7).
374
Let l(k) = -3783*k**2 - 11319*k + 9. Give l(-3).
-81
Let l(q) = 28*q + 1576. Give l(-72).
-440
Let o(u) = -309818*u - 929487. Calculate o(-3).
-33
Let g(r) = -178*r**3 + 4982*r**2 - 16*r + 2016. Determine g(28).
0
Let k(q) = 2*q**3 - 1298*q**2 + 1523*q - 988425. Calculate k(649).
2
Let h(c) = -c**2 